= 5*n + 237. Let m be o(-45). What is the highest common factor of m and 858?
6
Suppose 3 = 8*o + 27. Let r be (8/(-28))/(o/7)*18. What is the highest common factor of r and 108?
12
Suppose 4*x = 2*x + 168. Calculate the highest common divisor of x and 12.
12
Suppose -1 = -c + 1. Let z be (-129)/(-27) + c/9. Suppose 4*p + 0*p - 397 = -5*x, 0 = -z*x + 3*p + 411. Calculate the greatest common factor of x and 9.
9
Suppose 0*u = -5*u + 490. Let y(b) = 182*b + 413. Let f be y(-2). What is the highest common divisor of f and u?
49
Let p be ((-78936)/(-2860))/(-2*1/(-20)). What is the greatest common factor of 12 and p?
12
Let l be (-1)/(84/(-27) - -3). Suppose -5*a + l*a - 672 = 0. Suppose 42 = u + u. What is the highest common factor of u and a?
21
Suppose -4*g = -3*l - 54, -3*g = -0*l - l - 38. What is the highest common divisor of 30 and g?
6
Suppose -5*m = -3*c + 194, -11*c - 61 = -12*c - 2*m. Calculate the greatest common divisor of 84 and c.
21
Suppose -l + 4*t + 11 = 0, 0 = -9*l + 4*l + 4*t + 71. What is the greatest common divisor of l and 21?
3
Suppose x + 0*d + 4*d = 229, 0 = 5*x + 3*d - 1094. What is the greatest common divisor of x and 7?
7
Suppose -3*s - 39*c + 42*c = -423, -5*s - 2*c = -698. Let n be ((-20)/(-6))/((-3)/(-18)). What is the highest common factor of n and s?
20
Let s = 30 - 6. Let r(b) = b**3 - 7*b**2 - 2*b + 14. Let n be r(7). Suppose -72 = -n*d - 2*d. Calculate the highest common factor of d and s.
12
Let k(x) = 84*x - 5. Let l be k(1). Let n = l + -59. Calculate the highest common factor of n and 40.
20
Let q = -6 - -10. Let x be 43/3 - q/12. Let b = 37 - 23. What is the highest common divisor of x and b?
14
Let b(z) = 3*z**2 + 9. Suppose 4*o + 6 + 22 = 0. Let a be b(o). Suppose -30 + a = 3*j. Calculate the greatest common divisor of 6 and j.
6
Let j(b) = -6*b. Let y be j(-1). Let d be 28/y*(-12)/(-8). Suppose g - 3*v + 7 = 0, 4*g + 2*v = 7*v + d. Calculate the highest common divisor of g and 8.
8
Let n be -25*(-2)/30*6. Calculate the greatest common divisor of n and 790.
10
Let t(x) = x**3 - x**2 - 3*x + 12. Let l be t(4). Calculate the greatest common factor of 168 and l.
24
Suppose 4*a - 36 = 2*h, 5*a = -26*h + 25*h + 52. What is the highest common divisor of 290 and a?
10
Let r = 126 - 122. Calculate the greatest common factor of 6 and r.
2
Let g = 93 + -54. Let f be ((-4)/6)/(26/g). Let i be 1 + (-100)/(-5) + f. What is the greatest common factor of i and 30?
10
Suppose -z + 6 + 20 = 2*u, -3*u = 2*z - 41. Let n(w) = -w**3 + 15*w**2 - 8*w + 37. Let o be n(14). Calculate the highest common divisor of o and u.
11
Let g(y) = -y + 16. Let s be g(5). Let q be -30*2/(-14)*(s + -4). What is the greatest common factor of q and 120?
30
Suppose 4*f + 107 = 4*j - 285, -293 = -3*j + 4*f. Calculate the greatest common factor of 165 and j.
33
Let u be (2 - 2) + 0 + 460. Suppose 0 = 2*j + 3*j - u. Suppose 5*b - 80 = -3*p - 2, -4*b + 5*p = -j. What is the highest common factor of b and 2?
2
Suppose -4*g = -4*k - 196, -4*k + 55 = 4*g - 101. What is the greatest common factor of g and 143?
11
Suppose 6*s = 4*s - 2*q + 230, 3*s - 3*q = 339. What is the highest common factor of s and 54?
6
Suppose -2*z + 473 = 3*k, 27 = 3*z + k - 686. Calculate the greatest common divisor of z and 34.
34
Let o(s) = 12*s - 3. Let q be o(3). Let y = 1869 + -1847. Calculate the greatest common divisor of y and q.
11
Let d(l) = 3*l**2 - 1. Let n be d(-1). Let b be (0 + n)/((-7)/(-280)). Let o = 23 + -13. What is the highest common factor of o and b?
10
Let y = 51 + -36. Let l(m) = 5*m - 5. Let i be l(10). Calculate the highest common divisor of i and y.
15
Suppose 2*q - 96 = -2*q. Let y be (-1272)/(-28) - (-9)/(-21). Let r be 297/y + 3/(-5). Calculate the highest common divisor of r and q.
6
Suppose a + 2*a = 63. Let g(r) = r**2 - 3*r - 14. Let w be g(7). What is the greatest common divisor of a and w?
7
Let b(v) = -10*v - 143. Let h be b(-26). What is the greatest common divisor of 52 and h?
13
Let o be ((-8)/(-4) - 3)*-13. Suppose -7*c = -2*c, -v + o = -3*c. Calculate the highest common divisor of v and 13.
13
Suppose 0*n + 2*y + 5576 = 4*n, -5564 = -4*n - y. What is the highest common divisor of 29 and n?
29
Let i = -17 - -64. Let u = -37 + i. What is the greatest common divisor of u and 2?
2
Let z(y) = 73*y**2 + y - 3. Let j be z(-2). Calculate the highest common divisor of 164 and j.
41
Let v be (-12)/(252/(-35)) - 75/(-9). What is the highest common factor of v and 230?
10
Let q = 885 - 846. What is the highest common factor of 26 and q?
13
Let a = -42 - -108. Suppose y - 4*n + 10 = 0, 3*n + 16 = 4*y + n. Suppose -y*t + 113 = -151. Calculate the highest common factor of a and t.
22
Let k(b) = b**2 - 3*b - 8. Let j be k(-8). Suppose 5*t + 144 = 14*t. What is the greatest common factor of t and j?
16
Suppose -66*m + 71*m - 420 = 0. Calculate the greatest common divisor of m and 48.
12
Let a = 2 - -3. Let p(m) = 9*m**2 + 5*m + 4. Let v be p(-1). Suppose -v*y = -a*y - 432. Calculate the greatest common factor of y and 16.
16
Suppose -8*u + 10*u - 157 = -k, -2*u = 2*k - 154. Calculate the highest common factor of 32 and u.
16
Let w be (-31)/(-3) + 20/30. Let u(d) = -d + 13. Let b be u(w). Let m be 4 + (-4 - 0)/b. What is the highest common factor of m and 14?
2
Let p = -163 - -199. Calculate the highest common factor of p and 32.
4
Let u be (56/(-7))/(20/(-75)). What is the highest common factor of u and 33?
3
Suppose 3*w - 765 = -3*s, 2*w - 1020 = -2*w + 3*s. Let k be -3 + w + (1 - (5 + -2)). Calculate the highest common factor of k and 25.
25
Let a be (-1 + -2)*-1 - -12. Let h = 0 - -15. Calculate the highest common factor of h and a.
15
Let f(c) = c + 25. Let w be f(17). Let o(y) = 33*y - 1. Let x be o(1). Let s = 53 - x. What is the greatest common divisor of s and w?
21
Let j(g) = g**3 + 8*g**2 + 8*g - 15. Let n be j(-5). What is the highest common factor of n and 70?
10
Let x(w) = -w + 15. Let i be x(13). Let q be i*(1 - (6/4 - 4)). Calculate the highest common factor of q and 1.
1
Let f be 33*(-4 + 2 - -1). Let y be (f/44)/((-1)/44). Let v = -208 + 307. Calculate the greatest common divisor of v and y.
33
Suppose 31 - 1 = 2*v. Let l(b) = -b**2 + 27*b + 525. Let p be l(-13). Calculate the greatest common divisor of v and p.
5
Let h = -2 + 30. Let w = -467 - -495. Calculate the highest common factor of h and w.
28
Let y be 23 - 2/(-1*8/4). Let k be (-15*y/(-9))/1. What is the greatest common factor of k and 200?
40
Suppose -2*r = 2*z - r + 26, -3*r = -z - 6. Let d be z/(-7) + (-4)/(-14). Let b = -646 + 654. Calculate the greatest common factor of b and d.
2
Suppose -5*k = -61 + 36. Calculate the greatest common divisor of 625 and k.
5
Let f(g) = -54*g - 38. Let x be f(-1). What is the highest common factor of x and 648?
8
Let q = 349 + -254. What is the highest common factor of 10 and q?
5
Let x = 59 - -616. What is the greatest common factor of 540 and x?
135
Let x be (4 - 10) + 2 + 2. Let r be x/(((-32)/(-52))/(-4)). What is the highest common factor of r and 26?
13
Suppose 3*v - 2 = k - 7, -5*v + 10 = 2*k. Let t be (-6 + (-24)/6)/(-2 - v). What is the highest common divisor of t and 35?
5
Let l = 9 + -409. Suppose a + 122 = -14. Let m = a - l. What is the greatest common factor of m and 24?
24
Suppose -4*c = 37 - 41, -32 = -2*n + 2*c. What is the highest common divisor of n and 85?
17
Let l be (11 - 0) + -1 + -2. Let j(y) = 15*y - 4. Let b be j(4). Suppose 12*n = 5*n + b. What is the highest common factor of l and n?
8
Suppose 282 = 2*i - 186. Calculate the greatest common factor of 26 and i.
26
Let b be -2 - ((-2 - 4) + 2). Let g be b + (4*2 - 0). Let u(c) = c**2 - 3*c. Let d be u(4). Calculate the greatest common divisor of g and d.
2
Suppose u - h - 41 = 0, 3*u - 2*h - 166 = -42. Let r = -231 - -239. Let x be (-5)/(10/72)*(-14)/r. What is the highest common divisor of u and x?
21
Let g = -4 + 34. Suppose 2*i - 234 = -i. Let j = i - g. Calculate the greatest common divisor of j and 12.
12
Let a(o) = o + 4. Let d be a(-3). Let u be 0 + d - 194/(-2). Suppose 4*l - 43 + 7 = -4*t, -l + 39 = -5*t. Calculate the greatest common divisor of u and l.
14
Let g(p) = p**2 - 15*p + 9. Let t be g(13). Let a = t - -32. What is the highest common divisor 